{"id":2409,"date":"2014-09-18T15:25:23","date_gmt":"2014-09-18T12:25:23","guid":{"rendered":"http:\/\/www.erdemyesiloglu.\u200bcom\/?page_id=2409"},"modified":"2017-04-14T00:23:56","modified_gmt":"2017-04-13T21:23:56","slug":"bsci-is-ve-sosyal-uygunluk-girisimi","status":"publish","type":"page","link":"https:\/\/www.erdemyesiloglu.\u200bcom.tr\/?page_id=2409","title":{"rendered":"BSCI (\u0130\u015f ve Sosyal Uygunluk Giri\u015fimi)"},"content":{"rendered":"<p>Geli\u015fmekte olan ve yeni sanayile\u015fmi\u015f \u00fclkelerde bir\u00e7ok \u015firket kaynak, emek-yo\u011fun mallar ba\u011flam\u0131nda uluslararas\u0131 rekabet b\u00fcy\u00fck \u00f6nem arz eder.<\/p>\n<p>Ancak, bir\u00e7ok \u00fclkede \u00e7al\u0131\u015fma ko\u015fullar\u0131 Uluslararas\u0131 \u00c7al\u0131\u015fma \u00d6rg\u00fct\u00fc (ILO) ve ilgili \u00fclkenin\u00a0 temel \u00e7al\u0131\u015fma standartlar\u0131na uyumlu de\u011fildir.<\/p>\n<p>Bu sorunu gidermek i\u00e7in, bir\u00e7ok \u015firket ve dernekler ad\u0131na bireysel davran\u0131\u015f kodlar\u0131 ve izleme sistemleri olu\u015fturulmu\u015ftur.<\/p>\n<p>Denetim ile hem i\u015fveren b\u00fcy\u00fck bir \u00fcyelik \u015femsiyesi alt\u0131na girerek iyi bir pazar imkan\u0131 bulmakta hemde i\u015f\u00e7iler daha iyi bir \u00e7al\u0131\u015fma ko\u015fuluna ula\u015fmaktad\u0131r.<\/p>\n<p>BSCI Sosyal Sorumluluk denetimlerine haz\u0131rl\u0131k i\u00e7in bizi aramaktan \u00e7ekinmeyiniz.<\/p>\n","protected":false},"excerpt":{"rendered":"<p>Geli\u015fmekte olan ve yeni sanayile\u015fmi\u015f \u00fclkelerde bir\u00e7ok \u015firket kaynak, emek-yo\u011fun mallar ba\u011flam\u0131nda uluslararas\u0131 rekabet b\u00fcy\u00fck \u00f6nem arz eder. Ancak, bir\u00e7ok \u00fclkede \u00e7al\u0131\u015fma ko\u015fullar\u0131 Uluslararas\u0131 \u00c7al\u0131\u015fma \u00d6rg\u00fct\u00fc (ILO) ve ilgili \u00fclkenin\u00a0\u2026 <a href=\"https:\/\/www.erdemyesiloglu.\u200bcom.tr\/?page_id=2409\" class=\"read-more-link\">read more &rarr;<\/a><\/p>\n","protected":false},"author":1,"featured_media":0,"parent":0,"menu_order":0,"comment_status":"open","ping_status":"open","template":"","meta":{"footnotes":""},"class_list":["post-2409","page","type-page","status-publish","hentry"],"_links":{"self":[{"href":"https:\/\/www.erdemyesiloglu.\u200bcom.tr\/index.php?rest_route=\/wp\/v2\/pages\/2409","targetHints":{"allow":["GET"]}}],"collection":[{"href":"https:\/\/www.erdemyesiloglu.\u200bcom.tr\/index.php?rest_route=\/wp\/v2\/pages"}],"about":[{"href":"https:\/\/www.erdemyesiloglu.\u200bcom.tr\/index.php?rest_route=\/wp\/v2\/types\/page"}],"author":[{"embeddable":true,"href":"https:\/\/www.erdemyesiloglu.\u200bcom.tr\/index.php?rest_route=\/wp\/v2\/users\/1"}],"replies":[{"embeddable":true,"href":"https:\/\/www.erdemyesiloglu.\u200bcom.tr\/index.php?rest_route=%2Fwp%2Fv2%2Fcomments&post=2409"}],"version-history":[{"count":1,"href":"https:\/\/www.erdemyesiloglu.\u200bcom.tr\/index.php?rest_route=\/wp\/v2\/pages\/2409\/revisions"}],"predecessor-version":[{"id":2410,"href":"https:\/\/www.erdemyesiloglu.\u200bcom.tr\/index.php?rest_route=\/wp\/v2\/pages\/2409\/revisions\/2410"}],"wp:attachment":[{"href":"https:\/\/www.erdemyesiloglu.\u200bcom.tr\/index.php?rest_route=%2Fwp%2Fv2%2Fmedia&parent=2409"}],"curies":[{"name":"wp","href":"https:\/\/api.w.org\/{rel}","templated":true}]}}