{"id":2405,"date":"2014-09-18T15:24:04","date_gmt":"2014-09-18T12:24:04","guid":{"rendered":"http:\/\/www.erdemyesiloglu.\u200bcom\/?page_id=2405"},"modified":"2014-09-18T15:24:04","modified_gmt":"2014-09-18T12:24:04","slug":"iso-27001-bilgi-guvenligi-yonetimi-sistemi","status":"publish","type":"page","link":"https:\/\/www.erdemyesiloglu.\u200bcom.tr\/?page_id=2405","title":{"rendered":"ISO 27001 Bilgi G\u00fcvenli\u011fi Y\u00f6netimi Sistemi"},"content":{"rendered":"<p><em><\/em>ISO\/IEC 27001,\u00a0<a href=\"http:\/\/www.kascert.com\/goster.aspx?metin_id=352\">Bilgi G\u00fcvenli\u011fi Y\u00f6netimi Sistemi<\/a>\u00a0(ISMS) gereksinimlerini tan\u0131mlayan tek uluslararas\u0131 denetlenebilir standartt\u0131r. Yeterli ve orant\u0131l\u0131 g\u00fcvenlik denetimleri se\u00e7ilmesini sa\u011flamak i\u00e7in tasarlanm\u0131\u015ft\u0131r.<\/p>\n<p style=\"font-weight: 300;\">\n<a href=\"http:\/\/www.kascert.com\/goster.aspx?metin_id=352\">ISO 27001<\/a>\u00a0Kurumlar\u0131n risk y\u00f6netimi ve risk i\u015fleme planlar\u0131n\u0131, g\u00f6rev ve sorumluluklar\u0131, i\u015f devaml\u0131l\u0131\u011f\u0131 planlar\u0131n\u0131, acil durum olay y\u00f6netimi prosed\u00fcrleri haz\u0131rlamas\u0131n\u0131 ve uygulamada bunlar\u0131n kay\u0131tlar\u0131n\u0131 tutmas\u0131n\u0131 gerektirir. Kurum t\u00fcm bu faaliyetlerin de i\u00e7inde yer ald\u0131\u011f\u0131 bir bilgi g\u00fcvenli\u011fi politikas\u0131 yay\u0131nlamal\u0131 ve personelini bilgi g\u00fcvenli\u011fi ve tehditler hakk\u0131nda bilin\u00e7lendirmelidir. Se\u00e7ilen kontrol hedeflerinin \u00f6l\u00e7\u00fclmesi ve kontrollerin amac\u0131na uygunlu\u011funun ve performans\u0131n\u0131n s\u00fcrekli takip edildi\u011fi ya\u015fayan bir s\u00fcre\u00e7 olarak bilgi g\u00fcvenli\u011fi y\u00f6netimi ancak y\u00f6netimin aktif deste\u011fi ve personelin kat\u0131l\u0131mc\u0131l\u0131\u011f\u0131yla ba\u015far\u0131labilir.<\/p>\n<p style=\"font-weight: 300;\">\n<table style=\"font-weight: 300;\" width=\"729\">\n<tbody>\n<tr>\n<td>Bu, bilgi varl\u0131klar\u0131n\u0131z\u0131 koruman\u0131za ve ilgili taraflara, \u00f6zellikle de m\u00fc\u015fterilerinize g\u00fcven vermenize yard\u0131mc\u0131 olur. Bu standart, Bilgi G\u00fcvenli\u011fi Y\u00f6netimi Sisteminizi olu\u015fturmak, uygulamak, i\u015fletmek, izlemek, incelemek, s\u00fcrd\u00fcrmek ve geli\u015ftirmek i\u00e7in s\u00fcre\u00e7 yakla\u015f\u0131m\u0131n\u0131 benimser.<\/td>\n<\/tr>\n<\/tbody>\n<\/table>\n","protected":false},"excerpt":{"rendered":"<p>ISO\/IEC 27001,\u00a0Bilgi G\u00fcvenli\u011fi Y\u00f6netimi Sistemi\u00a0(ISMS) gereksinimlerini tan\u0131mlayan tek uluslararas\u0131 denetlenebilir standartt\u0131r. Yeterli ve orant\u0131l\u0131 g\u00fcvenlik denetimleri se\u00e7ilmesini sa\u011flamak i\u00e7in tasarlanm\u0131\u015ft\u0131r. ISO 27001\u00a0Kurumlar\u0131n risk y\u00f6netimi ve risk i\u015fleme planlar\u0131n\u0131, g\u00f6rev ve\u2026 <a href=\"https:\/\/www.erdemyesiloglu.\u200bcom.tr\/?page_id=2405\" class=\"read-more-link\">read more &rarr;<\/a><\/p>\n","protected":false},"author":1,"featured_media":0,"parent":0,"menu_order":0,"comment_status":"open","ping_status":"open","template":"","meta":{"footnotes":""},"class_list":["post-2405","page","type-page","status-publish","hentry"],"_links":{"self":[{"href":"https:\/\/www.erdemyesiloglu.\u200bcom.tr\/index.php?rest_route=\/wp\/v2\/pages\/2405","targetHints":{"allow":["GET"]}}],"collection":[{"href":"https:\/\/www.erdemyesiloglu.\u200bcom.tr\/index.php?rest_route=\/wp\/v2\/pages"}],"about":[{"href":"https:\/\/www.erdemyesiloglu.\u200bcom.tr\/index.php?rest_route=\/wp\/v2\/types\/page"}],"author":[{"embeddable":true,"href":"https:\/\/www.erdemyesiloglu.\u200bcom.tr\/index.php?rest_route=\/wp\/v2\/users\/1"}],"replies":[{"embeddable":true,"href":"https:\/\/www.erdemyesiloglu.\u200bcom.tr\/index.php?rest_route=%2Fwp%2Fv2%2Fcomments&post=2405"}],"version-history":[{"count":1,"href":"https:\/\/www.erdemyesiloglu.\u200bcom.tr\/index.php?rest_route=\/wp\/v2\/pages\/2405\/revisions"}],"predecessor-version":[{"id":2406,"href":"https:\/\/www.erdemyesiloglu.\u200bcom.tr\/index.php?rest_route=\/wp\/v2\/pages\/2405\/revisions\/2406"}],"wp:attachment":[{"href":"https:\/\/www.erdemyesiloglu.\u200bcom.tr\/index.php?rest_route=%2Fwp%2Fv2%2Fmedia&parent=2405"}],"curies":[{"name":"wp","href":"https:\/\/api.w.org\/{rel}","templated":true}]}}