{"id":2385,"date":"2014-09-18T15:10:40","date_gmt":"2014-09-18T12:10:40","guid":{"rendered":"http:\/\/www.erdemyesiloglu.\u200bcom\/?page_id=2385"},"modified":"2014-09-18T15:10:40","modified_gmt":"2014-09-18T12:10:40","slug":"yeniden-yapilandirma","status":"publish","type":"page","link":"https:\/\/www.erdemyesiloglu.\u200bcom.tr\/?page_id=2385","title":{"rendered":"Yeniden Yap\u0131land\u0131rma"},"content":{"rendered":"<p style=\"font-weight: 300;\">Yeniden yap\u0131land\u0131rma; maliyet, kalite, hizmet ve h\u0131z gibi \u00f6nemli performans g\u00f6stergelerinde etkileyici bir iyile\u015fme sa\u011flamak amac\u0131yla i\u015f s\u00fcre\u00e7lerinintemel bir \u015fekilde g\u00f6zden ge\u00e7irilmesi ve k\u00f6kten bir \u015fekilde yeniden tasarlanmas\u0131d\u0131r.<\/p>\n<p style=\"font-weight: 300;\">\n<p style=\"font-weight: 300;\">Yeniden Yap\u0131land\u0131rma Metodolojisi be\u015f faaliyetten olu\u015fmaktad\u0131r:<\/p>\n<p style=\"font-weight: 300;\">1.Yeniden Yap\u0131lanmaya Y\u00f6nelik Haz\u0131rl\u0131k,<\/p>\n<p style=\"font-weight: 300;\">2.Mevcut S\u00fcrecin Haritas\u0131n\u0131n Olu\u015fturulmas\u0131 ve Analiz Edilmesi,<\/p>\n<p style=\"font-weight: 300;\">3.Hedef S\u00fcrecin Tasarlanmas\u0131,<\/p>\n<p style=\"font-weight: 300;\">4.Yeniden Yap\u0131land\u0131r\u0131lm\u0131\u015f S\u00fcrecin Uygulanmas\u0131,<\/p>\n<p style=\"font-weight: 300;\">5.S\u00fcrecin S\u00fcrekli Olarak \u0130yile\u015ftirilmesi.<\/p>\n","protected":false},"excerpt":{"rendered":"<p>Yeniden yap\u0131land\u0131rma; maliyet, kalite, hizmet ve h\u0131z gibi \u00f6nemli performans g\u00f6stergelerinde etkileyici bir iyile\u015fme sa\u011flamak amac\u0131yla i\u015f s\u00fcre\u00e7lerinintemel bir \u015fekilde g\u00f6zden ge\u00e7irilmesi ve k\u00f6kten bir \u015fekilde yeniden tasarlanmas\u0131d\u0131r. Yeniden Yap\u0131land\u0131rma\u2026 <a href=\"https:\/\/www.erdemyesiloglu.\u200bcom.tr\/?page_id=2385\" class=\"read-more-link\">read more &rarr;<\/a><\/p>\n","protected":false},"author":1,"featured_media":0,"parent":0,"menu_order":0,"comment_status":"open","ping_status":"open","template":"","meta":{"footnotes":""},"class_list":["post-2385","page","type-page","status-publish","hentry"],"_links":{"self":[{"href":"https:\/\/www.erdemyesiloglu.\u200bcom.tr\/index.php?rest_route=\/wp\/v2\/pages\/2385","targetHints":{"allow":["GET"]}}],"collection":[{"href":"https:\/\/www.erdemyesiloglu.\u200bcom.tr\/index.php?rest_route=\/wp\/v2\/pages"}],"about":[{"href":"https:\/\/www.erdemyesiloglu.\u200bcom.tr\/index.php?rest_route=\/wp\/v2\/types\/page"}],"author":[{"embeddable":true,"href":"https:\/\/www.erdemyesiloglu.\u200bcom.tr\/index.php?rest_route=\/wp\/v2\/users\/1"}],"replies":[{"embeddable":true,"href":"https:\/\/www.erdemyesiloglu.\u200bcom.tr\/index.php?rest_route=%2Fwp%2Fv2%2Fcomments&post=2385"}],"version-history":[{"count":1,"href":"https:\/\/www.erdemyesiloglu.\u200bcom.tr\/index.php?rest_route=\/wp\/v2\/pages\/2385\/revisions"}],"predecessor-version":[{"id":2386,"href":"https:\/\/www.erdemyesiloglu.\u200bcom.tr\/index.php?rest_route=\/wp\/v2\/pages\/2385\/revisions\/2386"}],"wp:attachment":[{"href":"https:\/\/www.erdemyesiloglu.\u200bcom.tr\/index.php?rest_route=%2Fwp%2Fv2%2Fmedia&parent=2385"}],"curies":[{"name":"wp","href":"https:\/\/api.w.org\/{rel}","templated":true}]}}